hat is the tens digit of p?
8
Let m(t) = -8*t**2 - 16*t - 5. Let r(j) = 7*j**2 + 13*j + 6. Let f(s) = 2*m(s) + 3*r(s). Let b = -1 + -4. What is the units digit of f(b)?
8
Let a(r) = 26*r + 14123. What is the ten thousands digit of a(0)?
1
Let d(v) = 120*v**3 + 5*v**2 + 3*v - 12. Let h(u) = 2*u**3 + u**2 - 5*u + 4. Let z be h(1). What is the tens digit of d(z)?
7
Let i be (44436/(-8))/(-7)*10/15. Suppose -941 = -6*h + i. What is the tens digit of h?
4
Suppose 546*v - 9 = 549*v. What is the tens digit of v/12 - (-2996)/16?
8
What is the units digit of -52*(-9)/(-36) + 3 + 33342?
2
Suppose -1013*b + 1024*b = 499295 - 60175. What is the hundreds digit of b?
9
Suppose 274*l - 4601310 = 895130. What is the hundreds digit of l?
0
Suppose -3*t + 69433 = -2*q, 4*t + 152*q - 92554 = 150*q. What is the tens digit of t?
4
Let y(b) = 9*b**2 - 19*b - 93. Let g(z) = -7*z**2 + 20*z + 92. Let l(p) = -4*g(p) - 3*y(p). What is the units digit of l(-20)?
1
Let d be 0*((-9)/2 - -4). Suppose -3*z + 5*h = -2573, d*h - 2564 = -3*z - 4*h. What is the tens digit of z?
5
Let m be 19/(-1)*(-16 + 17). Let o be (m - -10)/(2/(-2)). Suppose 1759 = o*r + 508. What is the tens digit of r?
3
Let v = 436 + -429. Suppose 4165 = v*f - 0*f. What is the tens digit of f?
9
Let h(g) = 54*g - 90. Suppose -n - 4*n + 10 = 3*v, -3*v + 13 = 2*n. What is the hundreds digit of h(v)?
1
Let f(r) be the second derivative of 4/3*r**3 - 24*r**2 + 0 + 18*r. What is the hundreds digit of f(21)?
1
What is the tens digit of (22/(440/(-105)))/(3/(-2572))?
0
Suppose -42*r = -15085 - 4025. What is the units digit of r?
5
Suppose -4*g = 4, -2*g + 7*g + 15 = 2*y. Suppose -1743 = -4*b + y*j, -870 = -15*b + 13*b + 2*j. What is the tens digit of b?
3
Suppose 2*x + 4025 = -4*h + 24795, 0 = -5*x + 15. What is the thousands digit of h?
5
Suppose 5*d - 2781 = 4*g + 5950, 0 = -2*d - g + 3495. Let v = 2580 - d. What is the hundreds digit of v?
8
Let x = 19517 + -7321. What is the hundreds digit of x?
1
Let t be 1/(-4 + 6)*6. Suppose t*o - 1520 = -5*x, 3*x + 3*o - 223 - 689 = 0. What is the tens digit of x?
0
Let w be (868/84)/(1/(-12)). Let d = w + 206. What is the tens digit of d?
8
Suppose 52 = n + 49. Let g be n/7 - ((-2931)/21 - 3). Let o = g + 84. What is the units digit of o?
7
Let w(z) = -345*z**3 + 2*z + 1. Let c be w(-1). Let y = 166 + -50. Let i = c - y. What is the tens digit of i?
2
What is the tens digit of 1841/35*(-310)/(-2) - -9?
6
Let z(s) = s**3 - 6*s**2 - 27. Let u = 48 - 37. Let x be z(u). Let f = x + -413. What is the tens digit of f?
6
Suppose -62*j + 3*j = -6*j - 1597367. What is the units digit of j?
9
Let d(y) = -y**2 + 5*y + 62. Suppose 12*c - 9 = 3*c. Let o be 0/((4 + -6)*c). What is the units digit of d(o)?
2
Suppose 5*g + 2*d - 1041 = 0, 2*d - 5*d + 837 = 4*g. Suppose 0 = -50*h + 59*h - g. What is the tens digit of h?
2
Let t(u) = u**3 - 18*u**2 + 18*u + 26. Let w = -69 + 87. What is the units digit of t(w)?
0
Let k(d) = 115*d - 7. Let o be k(1). Let r = 58 - o. What is the tens digit of (-5)/(r/144)*525/30?
5
Let x be (48 + -26)*(-43)/(-1). Let u = 1579 - x. What is the units digit of u?
3
Let y be (-39)/(-26) + (-82)/(-4). Let i(t) = -t**2 + 25*t - 69. Let c be i(y). What is the units digit of c*(184/(-3))/2?
2
Suppose 0 = -2*m + 4*j - 4, 5*m + 8*j - 3*j = 20. What is the units digit of (569 - -6) + (-4 - 0) + m?
3
Let m be 11730/16 - 3/24. Suppose 494 = 2*v - 2*q, 3*v - m = 17*q - 16*q. What is the tens digit of v?
4
Let h(f) = -127*f + 420. Let m(w) = -w. Let k(t) = h(t) - 6*m(t). What is the thousands digit of k(-8)?
1
Let j = 52345 - 11662. What is the units digit of j?
3
Suppose -5*c + 0*c + 65 = 2*r, r = 3*c + 38. Let h be (-5)/2*(-28)/r. Suppose 4*u - 615 = g - 149, h*u = -4*g + 224. What is the hundreds digit of u?
1
Let g(q) = 13*q - 4 - 17*q - 5. Let o be g(-7). Suppose -65 = -k - o. What is the units digit of k?
6
Suppose -242*o + 6455240 + 5275226 = 0. What is the thousands digit of o?
8
Suppose 127143 = 22*j + 162*j - 31*j. What is the tens digit of j?
3
Let n be (1*-5)/(((-14)/(-8))/(-7)). Suppose 9 = 23*r - n*r. Suppose 3*p + t = 493, -t + 280 - 783 = -r*p. What is the hundreds digit of p?
1
Let h be -15*7/(-21) + 0/(-1). Suppose 187 = n - 4*l + 3*l, -939 = -h*n + l. Let i = 285 - n. What is the tens digit of i?
9
Let p(j) = 3*j**2 + 66*j - 606. What is the tens digit of p(35)?
7
Let x(q) = -697*q + 8200. What is the hundreds digit of x(-29)?
4
Let z = -41 - -93. Let m = z - 47. Suppose 4 = m*t - 1, 5*t = 5*n - 540. What is the tens digit of n?
0
Let t = -111 - -109. Let c(s) = 639*s**3 - 3*s - 6. Let z be c(t). What is the units digit of 1/(-3) + z/(-108)?
7
Let c be -2*3/2*2/6. Let i be 109*3/(-3)*c. Suppose -4*s + 8*s + i = u, -5*s = u - 109. What is the tens digit of u?
0
What is the units digit of (2/(-6))/(56/42*(-1)/10940)?
5
What is the tens digit of ((-364051)/146)/(2*3/(-12))?
8
Suppose -2*k - 23874 - 10024 = -3*t, 4*k + 45192 = 4*t. What is the thousands digit of t?
1
Let n = -25 + 23. Let c(y) = -4*y - 5. Let h be c(n). Suppose -h*i = -5*j - 4*i + 303, 2*i = j - 65. What is the tens digit of j?
6
Suppose 0 = 17*j - 542160 - 499396. What is the ten thousands digit of j?
6
Suppose -5*u + 91879 = 5*d + 19369, 3*d = 3. What is the ten thousands digit of u?
1
Suppose -704 = -2*f + 5*n - 245, -n = -2*f + 471. Suppose 3*m - 525 = f. What is the units digit of m?
4
Let b(q) = -8*q + 9. Let s be b(5). Suppose -201 = -4*f + 2*c + 175, -5*c = -5*f + 465. Let k = f + s. What is the tens digit of k?
6
What is the tens digit of -3 + 3*25/(-15) + 8471?
6
Let d(v) = -59*v + 353. Let o be d(6). What is the tens digit of (-7552)/(-32) - (0 - (2 + o))?
3
Let d(w) = -w**2 + 6*w - 2. Let b be d(6). What is the tens digit of (3/4)/(b/(-192))?
7
Let d(a) = 372*a + 196 - 657*a + 293*a. Suppose -l = -z + 4*l - 15, z - 15 = -5*l. What is the units digit of d(z)?
6
Let m(t) = -15 - 13*t + 5 - 3. Let w be m(-3). Suppose w = -2*c + 200. What is the tens digit of c?
8
Let t(s) = 85*s + 16. What is the units digit of t(6)?
6
Let r = -185 - -17410. What is the tens digit of r?
2
Suppose -3*q - 46867 = -5*s - 8499, 15344 = 2*s + 2*q. What is the thousands digit of s?
7
Let r = 20 - 17. Suppose -2*k = 5*m - 669, r*k = -m - 0*k + 126. Suppose m = 3*d + 3. What is the tens digit of d?
4
Let b(j) = 7*j - 33. Let c(g) = -14*g + 67. Let r(x) = 5*b(x) + 2*c(x). Let f be r(5). Suppose -f*o + 55 + 74 = u, 12 = 3*o. What is the units digit of u?
3
Suppose -3*o + 94 = -5*f + 6*f, -4*o = 3*f - 117. What is the hundreds digit of (0/2 + o)/(52/416)?
2
Suppose 0 = -18*i + 43*i - 9556 - 60869. What is the hundreds digit of i?
8
Let i(o) = 2*o**3 - 19*o**2 - 3*o + 25. Let z be i(10). Suppose 676 = z*w - 91*w. What is the tens digit of w?
6
Suppose -80*f - 161816 = -4*i - 76*f, 0 = -7*i - 5*f + 283106. What is the hundreds digit of i?
4
Let b = -19 - -23. Suppose 2*v + b*v - 18 = 0. Suppose 1616 = -v*z + 19*z. What is the tens digit of z?
0
Let o = -22 - -30. Suppose -o + 16 = 2*v. Suppose -109 = -v*i + i - 4*u, -i + 2*u = -33. What is the units digit of i?
5
Let v(a) = a - 2. Let n be v(12). Let h be 4*5/n*69. What is the hundreds digit of 818/8 - (6 + h/(-24))?
1
Let d = -77 + 53. Let u = d - -3. Let z = 73 + u. What is the tens digit of z?
5
Suppose -202*a = -198*a - 256. Suppose 2*s - 4*c - 62 = 0, 5*c + a = 16*s - 14*s. What is the units digit of s?
7
Let v(c) = -c**3 - 18*c**2 - 19*c - 24. Let k be v(-17). Let u be 0 + (1 + 11)*k. Let g = -70 + u. What is the units digit of g?
0
Let c be 83/(-27) - 2/(-27). What is the units digit of (-6 - c) + 2 + 61?
0
Suppose -8*x = 96 - 1576. Suppose -x = -r - 2*c, -13*r - 3*c = -9*r - 750. What is the units digit of r?
9
Let w(v) = -2*v**2 + 12*v - 16. Let c be w(5). Let p be -20*(3 - (-177)/c). Let o = p + -297. What is the tens digit of o?
3
Let n(g) = -10*g - 56. Suppose 23 = 3*t + 4*x - 18, 0 = 4*t - 3*x - 88. Let s be n(t). Let b = -163 - s. What is the tens digit of b?
8
Let v(u) = -28*u - 52. Let s be -1 + 8/((-48)/90). What is the tens digit of v(s)?
9
Let o(d) = 29 - 25 - 68*d - 131. What is the tens digit of o(-10)?
5
Let r(x) = 24*x**3 - 14*x**2 + 18*x - 109. What is the thousands digit of r(6)?
4
Suppose -b - 2 = 3*x + 9, 2*b + 2*x + 2 = 0. Suppo